{"id":2573,"date":"2020-12-10T15:58:18","date_gmt":"2020-12-10T14:58:18","guid":{"rendered":"https:\/\/limburgswinkeltje.com\/?post_type=product&#038;p=2573"},"modified":"2024-05-14T14:21:00","modified_gmt":"2024-05-14T12:21:00","slug":"plaque-mortuaire-2","status":"publish","type":"product","link":"https:\/\/limburgswinkeltje.com\/index.php\/produit\/plaque-mortuaire-2\/","title":{"rendered":"Plaque mortuaire"},"content":{"rendered":"<p>Plaque mortuaire d\u00e9coup\u00e9e apparition zamak, diff\u00e9rentes couleurs de granit, diff\u00e9rentes tailles, diff\u00e9rents textes interchangeables, fabriqu\u00e9 \u00e0 Lourdes<\/p>\n","protected":false},"excerpt":{"rendered":"<p>Plaque mortuaire d\u00e9coup\u00e9e apparition zamak, diff\u00e9rentes couleurs de granit, diff\u00e9rentes tailles, diff\u00e9rents textes interchangeables, fabriqu\u00e9 \u00e0 Lourdes<\/p>\n","protected":false},"featured_media":2542,"comment_status":"open","ping_status":"closed","template":"","meta":[],"yoast_head":"<!-- This site is optimized with the Yoast SEO plugin v17.2 - https:\/\/yoast.com\/wordpress\/plugins\/seo\/ -->\n<title>Plaque mortuaire - &#039;t Limburgs Winkeltj<\/title>\n<meta name=\"robots\" content=\"index, follow, max-snippet:-1, max-image-preview:large, max-video-preview:-1\" \/>\n<link rel=\"canonical\" href=\"https:\/\/limburgswinkeltje.com\/index.php\/produit\/plaque-mortuaire-2\/\" \/>\n<meta property=\"og:locale\" content=\"fr_FR\" \/>\n<meta property=\"og:type\" content=\"article\" \/>\n<meta property=\"og:title\" content=\"Plaque mortuaire - &#039;t Limburgs Winkeltj\" \/>\n<meta property=\"og:description\" content=\"Plaque mortuaire d\u00e9coup\u00e9e apparition zamak, diff\u00e9rentes couleurs de granit, diff\u00e9rentes tailles, diff\u00e9rents textes interchangeables, fabriqu\u00e9 \u00e0 Lourdes\" \/>\n<meta property=\"og:url\" content=\"https:\/\/limburgswinkeltje.com\/index.php\/produit\/plaque-mortuaire-2\/\" \/>\n<meta property=\"og:site_name\" content=\"&#039;t Limburgs Winkeltj\" \/>\n<meta property=\"article:modified_time\" content=\"2024-05-14T12:21:00+00:00\" \/>\n<meta property=\"og:image\" content=\"https:\/\/limburgswinkeltje.com\/wp-content\/uploads\/2020\/12\/DSC_0048.jpg\" \/>\n\t<meta property=\"og:image:width\" content=\"546\" \/>\n\t<meta property=\"og:image:height\" content=\"647\" \/>\n<meta name=\"twitter:card\" content=\"summary_large_image\" \/>\n<script type=\"application\/ld+json\" class=\"yoast-schema-graph\">{\"@context\":\"https:\/\/schema.org\",\"@graph\":[{\"@type\":\"WebSite\",\"@id\":\"https:\/\/limburgswinkeltje.com\/#website\",\"url\":\"https:\/\/limburgswinkeltje.com\/\",\"name\":\"&#039;t Limburgs Winkeltj\",\"description\":\"Souvenirs de Lourdes\",\"potentialAction\":[{\"@type\":\"SearchAction\",\"target\":{\"@type\":\"EntryPoint\",\"urlTemplate\":\"https:\/\/limburgswinkeltje.com\/?s={search_term_string}\"},\"query-input\":\"required name=search_term_string\"}],\"inLanguage\":\"fr-FR\"},{\"@type\":\"ImageObject\",\"@id\":\"https:\/\/limburgswinkeltje.com\/index.php\/produit\/plaque-mortuaire-2\/#primaryimage\",\"inLanguage\":\"fr-FR\",\"url\":\"https:\/\/limburgswinkeltje.com\/wp-content\/uploads\/2020\/12\/DSC_0048.jpg\",\"contentUrl\":\"https:\/\/limburgswinkeltje.com\/wp-content\/uploads\/2020\/12\/DSC_0048.jpg\",\"width\":546,\"height\":647},{\"@type\":\"WebPage\",\"@id\":\"https:\/\/limburgswinkeltje.com\/index.php\/produit\/plaque-mortuaire-2\/#webpage\",\"url\":\"https:\/\/limburgswinkeltje.com\/index.php\/produit\/plaque-mortuaire-2\/\",\"name\":\"Plaque mortuaire - &#039;t Limburgs Winkeltj\",\"isPartOf\":{\"@id\":\"https:\/\/limburgswinkeltje.com\/#website\"},\"primaryImageOfPage\":{\"@id\":\"https:\/\/limburgswinkeltje.com\/index.php\/produit\/plaque-mortuaire-2\/#primaryimage\"},\"datePublished\":\"2020-12-10T14:58:18+00:00\",\"dateModified\":\"2024-05-14T12:21:00+00:00\",\"breadcrumb\":{\"@id\":\"https:\/\/limburgswinkeltje.com\/index.php\/produit\/plaque-mortuaire-2\/#breadcrumb\"},\"inLanguage\":\"fr-FR\",\"potentialAction\":[{\"@type\":\"ReadAction\",\"target\":[\"https:\/\/limburgswinkeltje.com\/index.php\/produit\/plaque-mortuaire-2\/\"]}]},{\"@type\":\"BreadcrumbList\",\"@id\":\"https:\/\/limburgswinkeltje.com\/index.php\/produit\/plaque-mortuaire-2\/#breadcrumb\",\"itemListElement\":[{\"@type\":\"ListItem\",\"position\":1,\"name\":\"Accueil\",\"item\":\"https:\/\/limburgswinkeltje.com\/\"},{\"@type\":\"ListItem\",\"position\":2,\"name\":\"\",\"item\":\"https:\/\/limburgswinkeltje.com\/index.php\/boutique\/\"},{\"@type\":\"ListItem\",\"position\":3,\"name\":\"Plaque mortuaire\"}]}]}<\/script>\n<!-- \/ Yoast SEO plugin. -->","yoast_head_json":{"title":"Plaque mortuaire - &#039;t Limburgs Winkeltj","robots":{"index":"index","follow":"follow","max-snippet":"max-snippet:-1","max-image-preview":"max-image-preview:large","max-video-preview":"max-video-preview:-1"},"canonical":"https:\/\/limburgswinkeltje.com\/index.php\/produit\/plaque-mortuaire-2\/","og_locale":"fr_FR","og_type":"article","og_title":"Plaque mortuaire - &#039;t Limburgs Winkeltj","og_description":"Plaque mortuaire d\u00e9coup\u00e9e apparition zamak, diff\u00e9rentes couleurs de granit, diff\u00e9rentes tailles, diff\u00e9rents textes interchangeables, fabriqu\u00e9 \u00e0 Lourdes","og_url":"https:\/\/limburgswinkeltje.com\/index.php\/produit\/plaque-mortuaire-2\/","og_site_name":"&#039;t Limburgs Winkeltj","article_modified_time":"2024-05-14T12:21:00+00:00","og_image":[{"width":546,"height":647,"url":"https:\/\/limburgswinkeltje.com\/wp-content\/uploads\/2020\/12\/DSC_0048.jpg","path":"\/home\/limburn\/www\/wp-content\/uploads\/2020\/12\/DSC_0048.jpg","size":"full","id":2542,"alt":"","pixels":353262,"type":"image\/jpeg"}],"twitter_card":"summary_large_image","schema":{"@context":"https:\/\/schema.org","@graph":[{"@type":"WebSite","@id":"https:\/\/limburgswinkeltje.com\/#website","url":"https:\/\/limburgswinkeltje.com\/","name":"&#039;t Limburgs Winkeltj","description":"Souvenirs de Lourdes","potentialAction":[{"@type":"SearchAction","target":{"@type":"EntryPoint","urlTemplate":"https:\/\/limburgswinkeltje.com\/?s={search_term_string}"},"query-input":"required name=search_term_string"}],"inLanguage":"fr-FR"},{"@type":"ImageObject","@id":"https:\/\/limburgswinkeltje.com\/index.php\/produit\/plaque-mortuaire-2\/#primaryimage","inLanguage":"fr-FR","url":"https:\/\/limburgswinkeltje.com\/wp-content\/uploads\/2020\/12\/DSC_0048.jpg","contentUrl":"https:\/\/limburgswinkeltje.com\/wp-content\/uploads\/2020\/12\/DSC_0048.jpg","width":546,"height":647},{"@type":"WebPage","@id":"https:\/\/limburgswinkeltje.com\/index.php\/produit\/plaque-mortuaire-2\/#webpage","url":"https:\/\/limburgswinkeltje.com\/index.php\/produit\/plaque-mortuaire-2\/","name":"Plaque mortuaire - &#039;t Limburgs Winkeltj","isPartOf":{"@id":"https:\/\/limburgswinkeltje.com\/#website"},"primaryImageOfPage":{"@id":"https:\/\/limburgswinkeltje.com\/index.php\/produit\/plaque-mortuaire-2\/#primaryimage"},"datePublished":"2020-12-10T14:58:18+00:00","dateModified":"2024-05-14T12:21:00+00:00","breadcrumb":{"@id":"https:\/\/limburgswinkeltje.com\/index.php\/produit\/plaque-mortuaire-2\/#breadcrumb"},"inLanguage":"fr-FR","potentialAction":[{"@type":"ReadAction","target":["https:\/\/limburgswinkeltje.com\/index.php\/produit\/plaque-mortuaire-2\/"]}]},{"@type":"BreadcrumbList","@id":"https:\/\/limburgswinkeltje.com\/index.php\/produit\/plaque-mortuaire-2\/#breadcrumb","itemListElement":[{"@type":"ListItem","position":1,"name":"Accueil","item":"https:\/\/limburgswinkeltje.com\/"},{"@type":"ListItem","position":2,"name":"","item":"https:\/\/limburgswinkeltje.com\/index.php\/boutique\/"},{"@type":"ListItem","position":3,"name":"Plaque mortuaire"}]}]}},"_links":{"self":[{"href":"https:\/\/limburgswinkeltje.com\/index.php\/wp-json\/wp\/v2\/product\/2573"}],"collection":[{"href":"https:\/\/limburgswinkeltje.com\/index.php\/wp-json\/wp\/v2\/product"}],"about":[{"href":"https:\/\/limburgswinkeltje.com\/index.php\/wp-json\/wp\/v2\/types\/product"}],"replies":[{"embeddable":true,"href":"https:\/\/limburgswinkeltje.com\/index.php\/wp-json\/wp\/v2\/comments?post=2573"}],"wp:featuredmedia":[{"embeddable":true,"href":"https:\/\/limburgswinkeltje.com\/index.php\/wp-json\/wp\/v2\/media\/2542"}],"wp:attachment":[{"href":"https:\/\/limburgswinkeltje.com\/index.php\/wp-json\/wp\/v2\/media?parent=2573"}],"curies":[{"name":"wp","href":"https:\/\/api.w.org\/{rel}","templated":true}]}}