{"id":2690,"date":"2020-12-11T16:51:14","date_gmt":"2020-12-11T15:51:14","guid":{"rendered":"https:\/\/limburgswinkeltje.com\/?post_type=product&#038;p=2690"},"modified":"2023-09-05T17:14:28","modified_gmt":"2023-09-05T15:14:28","slug":"mini-etui-metal-avec-mini-statue-metal","status":"publish","type":"product","link":"https:\/\/limburgswinkeltje.com\/index.php\/produit\/mini-etui-metal-avec-mini-statue-metal\/","title":{"rendered":"Mini \u00e9tui m\u00e9tal avec mini statue m\u00e9tal"},"content":{"rendered":"<p>Mini \u00e9tui en m\u00e9tal avec une petite fen\u00eatre rouge avec \u00e0 l&#8217;int\u00e9rieur une mini statue au choix de Marie, St Antoine ou St Christophe<\/p>\n","protected":false},"excerpt":{"rendered":"<p>Mini \u00e9tui en m\u00e9tal avec une petite fen\u00eatre rouge avec \u00e0 l&#8217;int\u00e9rieur une mini statue au choix de Marie, St Antoine ou St Christophe<\/p>\n","protected":false},"featured_media":2653,"comment_status":"open","ping_status":"closed","template":"","meta":[],"yoast_head":"<!-- This site is optimized with the Yoast SEO plugin v17.2 - https:\/\/yoast.com\/wordpress\/plugins\/seo\/ -->\n<title>Mini \u00e9tui m\u00e9tal avec mini statue m\u00e9tal - &#039;t Limburgs Winkeltj<\/title>\n<meta name=\"robots\" content=\"index, follow, max-snippet:-1, max-image-preview:large, max-video-preview:-1\" \/>\n<link rel=\"canonical\" href=\"https:\/\/limburgswinkeltje.com\/index.php\/produit\/mini-etui-metal-avec-mini-statue-metal\/\" \/>\n<meta property=\"og:locale\" content=\"fr_FR\" \/>\n<meta property=\"og:type\" content=\"article\" \/>\n<meta property=\"og:title\" content=\"Mini \u00e9tui m\u00e9tal avec mini statue m\u00e9tal - &#039;t Limburgs Winkeltj\" \/>\n<meta property=\"og:description\" content=\"Mini \u00e9tui en m\u00e9tal avec une petite fen\u00eatre rouge avec \u00e0 l&#8217;int\u00e9rieur une mini statue au choix de Marie, St Antoine ou St Christophe\" \/>\n<meta property=\"og:url\" content=\"https:\/\/limburgswinkeltje.com\/index.php\/produit\/mini-etui-metal-avec-mini-statue-metal\/\" \/>\n<meta property=\"og:site_name\" content=\"&#039;t Limburgs Winkeltj\" \/>\n<meta property=\"article:modified_time\" content=\"2023-09-05T15:14:28+00:00\" \/>\n<meta property=\"og:image\" content=\"https:\/\/limburgswinkeltje.com\/wp-content\/uploads\/2020\/12\/DSC_0321-Copie.jpg\" \/>\n\t<meta property=\"og:image:width\" content=\"523\" \/>\n\t<meta property=\"og:image:height\" content=\"664\" \/>\n<meta name=\"twitter:card\" content=\"summary_large_image\" \/>\n<script type=\"application\/ld+json\" class=\"yoast-schema-graph\">{\"@context\":\"https:\/\/schema.org\",\"@graph\":[{\"@type\":\"WebSite\",\"@id\":\"https:\/\/limburgswinkeltje.com\/#website\",\"url\":\"https:\/\/limburgswinkeltje.com\/\",\"name\":\"&#039;t Limburgs Winkeltj\",\"description\":\"Souvenirs de Lourdes\",\"potentialAction\":[{\"@type\":\"SearchAction\",\"target\":{\"@type\":\"EntryPoint\",\"urlTemplate\":\"https:\/\/limburgswinkeltje.com\/?s={search_term_string}\"},\"query-input\":\"required name=search_term_string\"}],\"inLanguage\":\"fr-FR\"},{\"@type\":\"ImageObject\",\"@id\":\"https:\/\/limburgswinkeltje.com\/index.php\/produit\/mini-etui-metal-avec-mini-statue-metal\/#primaryimage\",\"inLanguage\":\"fr-FR\",\"url\":\"https:\/\/limburgswinkeltje.com\/wp-content\/uploads\/2020\/12\/DSC_0321-Copie.jpg\",\"contentUrl\":\"https:\/\/limburgswinkeltje.com\/wp-content\/uploads\/2020\/12\/DSC_0321-Copie.jpg\",\"width\":523,\"height\":664},{\"@type\":\"WebPage\",\"@id\":\"https:\/\/limburgswinkeltje.com\/index.php\/produit\/mini-etui-metal-avec-mini-statue-metal\/#webpage\",\"url\":\"https:\/\/limburgswinkeltje.com\/index.php\/produit\/mini-etui-metal-avec-mini-statue-metal\/\",\"name\":\"Mini \\u00e9tui m\\u00e9tal avec mini statue m\\u00e9tal - &#039;t Limburgs Winkeltj\",\"isPartOf\":{\"@id\":\"https:\/\/limburgswinkeltje.com\/#website\"},\"primaryImageOfPage\":{\"@id\":\"https:\/\/limburgswinkeltje.com\/index.php\/produit\/mini-etui-metal-avec-mini-statue-metal\/#primaryimage\"},\"datePublished\":\"2020-12-11T15:51:14+00:00\",\"dateModified\":\"2023-09-05T15:14:28+00:00\",\"breadcrumb\":{\"@id\":\"https:\/\/limburgswinkeltje.com\/index.php\/produit\/mini-etui-metal-avec-mini-statue-metal\/#breadcrumb\"},\"inLanguage\":\"fr-FR\",\"potentialAction\":[{\"@type\":\"ReadAction\",\"target\":[\"https:\/\/limburgswinkeltje.com\/index.php\/produit\/mini-etui-metal-avec-mini-statue-metal\/\"]}]},{\"@type\":\"BreadcrumbList\",\"@id\":\"https:\/\/limburgswinkeltje.com\/index.php\/produit\/mini-etui-metal-avec-mini-statue-metal\/#breadcrumb\",\"itemListElement\":[{\"@type\":\"ListItem\",\"position\":1,\"name\":\"Accueil\",\"item\":\"https:\/\/limburgswinkeltje.com\/\"},{\"@type\":\"ListItem\",\"position\":2,\"name\":\"\",\"item\":\"https:\/\/limburgswinkeltje.com\/index.php\/boutique\/\"},{\"@type\":\"ListItem\",\"position\":3,\"name\":\"Mini \\u00e9tui m\\u00e9tal avec mini statue m\\u00e9tal\"}]}]}<\/script>\n<!-- \/ Yoast SEO plugin. -->","yoast_head_json":{"title":"Mini \u00e9tui m\u00e9tal avec mini statue m\u00e9tal - &#039;t Limburgs Winkeltj","robots":{"index":"index","follow":"follow","max-snippet":"max-snippet:-1","max-image-preview":"max-image-preview:large","max-video-preview":"max-video-preview:-1"},"canonical":"https:\/\/limburgswinkeltje.com\/index.php\/produit\/mini-etui-metal-avec-mini-statue-metal\/","og_locale":"fr_FR","og_type":"article","og_title":"Mini \u00e9tui m\u00e9tal avec mini statue m\u00e9tal - &#039;t Limburgs Winkeltj","og_description":"Mini \u00e9tui en m\u00e9tal avec une petite fen\u00eatre rouge avec \u00e0 l&#8217;int\u00e9rieur une mini statue au choix de Marie, St Antoine ou St Christophe","og_url":"https:\/\/limburgswinkeltje.com\/index.php\/produit\/mini-etui-metal-avec-mini-statue-metal\/","og_site_name":"&#039;t Limburgs Winkeltj","article_modified_time":"2023-09-05T15:14:28+00:00","og_image":[{"width":523,"height":664,"url":"https:\/\/limburgswinkeltje.com\/wp-content\/uploads\/2020\/12\/DSC_0321-Copie.jpg","path":"\/home\/limburn\/www\/wp-content\/uploads\/2020\/12\/DSC_0321-Copie.jpg","size":"full","id":2653,"alt":"","pixels":347272,"type":"image\/jpeg"}],"twitter_card":"summary_large_image","schema":{"@context":"https:\/\/schema.org","@graph":[{"@type":"WebSite","@id":"https:\/\/limburgswinkeltje.com\/#website","url":"https:\/\/limburgswinkeltje.com\/","name":"&#039;t Limburgs Winkeltj","description":"Souvenirs de Lourdes","potentialAction":[{"@type":"SearchAction","target":{"@type":"EntryPoint","urlTemplate":"https:\/\/limburgswinkeltje.com\/?s={search_term_string}"},"query-input":"required name=search_term_string"}],"inLanguage":"fr-FR"},{"@type":"ImageObject","@id":"https:\/\/limburgswinkeltje.com\/index.php\/produit\/mini-etui-metal-avec-mini-statue-metal\/#primaryimage","inLanguage":"fr-FR","url":"https:\/\/limburgswinkeltje.com\/wp-content\/uploads\/2020\/12\/DSC_0321-Copie.jpg","contentUrl":"https:\/\/limburgswinkeltje.com\/wp-content\/uploads\/2020\/12\/DSC_0321-Copie.jpg","width":523,"height":664},{"@type":"WebPage","@id":"https:\/\/limburgswinkeltje.com\/index.php\/produit\/mini-etui-metal-avec-mini-statue-metal\/#webpage","url":"https:\/\/limburgswinkeltje.com\/index.php\/produit\/mini-etui-metal-avec-mini-statue-metal\/","name":"Mini \u00e9tui m\u00e9tal avec mini statue m\u00e9tal - &#039;t Limburgs Winkeltj","isPartOf":{"@id":"https:\/\/limburgswinkeltje.com\/#website"},"primaryImageOfPage":{"@id":"https:\/\/limburgswinkeltje.com\/index.php\/produit\/mini-etui-metal-avec-mini-statue-metal\/#primaryimage"},"datePublished":"2020-12-11T15:51:14+00:00","dateModified":"2023-09-05T15:14:28+00:00","breadcrumb":{"@id":"https:\/\/limburgswinkeltje.com\/index.php\/produit\/mini-etui-metal-avec-mini-statue-metal\/#breadcrumb"},"inLanguage":"fr-FR","potentialAction":[{"@type":"ReadAction","target":["https:\/\/limburgswinkeltje.com\/index.php\/produit\/mini-etui-metal-avec-mini-statue-metal\/"]}]},{"@type":"BreadcrumbList","@id":"https:\/\/limburgswinkeltje.com\/index.php\/produit\/mini-etui-metal-avec-mini-statue-metal\/#breadcrumb","itemListElement":[{"@type":"ListItem","position":1,"name":"Accueil","item":"https:\/\/limburgswinkeltje.com\/"},{"@type":"ListItem","position":2,"name":"","item":"https:\/\/limburgswinkeltje.com\/index.php\/boutique\/"},{"@type":"ListItem","position":3,"name":"Mini \u00e9tui m\u00e9tal avec mini statue m\u00e9tal"}]}]}},"_links":{"self":[{"href":"https:\/\/limburgswinkeltje.com\/index.php\/wp-json\/wp\/v2\/product\/2690"}],"collection":[{"href":"https:\/\/limburgswinkeltje.com\/index.php\/wp-json\/wp\/v2\/product"}],"about":[{"href":"https:\/\/limburgswinkeltje.com\/index.php\/wp-json\/wp\/v2\/types\/product"}],"replies":[{"embeddable":true,"href":"https:\/\/limburgswinkeltje.com\/index.php\/wp-json\/wp\/v2\/comments?post=2690"}],"wp:featuredmedia":[{"embeddable":true,"href":"https:\/\/limburgswinkeltje.com\/index.php\/wp-json\/wp\/v2\/media\/2653"}],"wp:attachment":[{"href":"https:\/\/limburgswinkeltje.com\/index.php\/wp-json\/wp\/v2\/media?parent=2690"}],"curies":[{"name":"wp","href":"https:\/\/api.w.org\/{rel}","templated":true}]}}