{"id":760,"date":"2020-07-15T17:58:28","date_gmt":"2020-07-15T15:58:28","guid":{"rendered":"https:\/\/limburgswinkeltje.com\/?post_type=product&#038;p=760"},"modified":"2024-05-14T16:05:25","modified_gmt":"2024-05-14T14:05:25","slug":"pilulier-metal-argente-apparition","status":"publish","type":"product","link":"https:\/\/limburgswinkeltje.com\/index.php\/produit\/pilulier-metal-argente-apparition\/","title":{"rendered":"Pilulier m\u00e9tal argent\u00e9 + apparition"},"content":{"rendered":"<p>Pilulier m\u00e9tal argent\u00e9 3 compartiments, apparition + basilique m\u00e9tal argent\u00e9e + inclusion bleue autour de Marie<\/p>\n","protected":false},"excerpt":{"rendered":"<p>Pilulier m\u00e9tal argent\u00e9 3 compartiments, apparition + basilique m\u00e9tal argent\u00e9e + inclusion bleue autour de Marie<\/p>\n","protected":false},"featured_media":698,"comment_status":"open","ping_status":"closed","template":"","meta":[],"yoast_head":"<!-- This site is optimized with the Yoast SEO plugin v17.2 - https:\/\/yoast.com\/wordpress\/plugins\/seo\/ -->\n<title>Pilulier m\u00e9tal argent\u00e9 + apparition - &#039;t Limburgs Winkeltj<\/title>\n<meta name=\"robots\" content=\"index, follow, max-snippet:-1, max-image-preview:large, max-video-preview:-1\" \/>\n<link rel=\"canonical\" href=\"https:\/\/limburgswinkeltje.com\/index.php\/produit\/pilulier-metal-argente-apparition\/\" \/>\n<meta property=\"og:locale\" content=\"fr_FR\" \/>\n<meta property=\"og:type\" content=\"article\" \/>\n<meta property=\"og:title\" content=\"Pilulier m\u00e9tal argent\u00e9 + apparition - &#039;t Limburgs Winkeltj\" \/>\n<meta property=\"og:description\" content=\"Pilulier m\u00e9tal argent\u00e9 3 compartiments, apparition + basilique m\u00e9tal argent\u00e9e + inclusion bleue autour de Marie\" \/>\n<meta property=\"og:url\" content=\"https:\/\/limburgswinkeltje.com\/index.php\/produit\/pilulier-metal-argente-apparition\/\" \/>\n<meta property=\"og:site_name\" content=\"&#039;t Limburgs Winkeltj\" \/>\n<meta property=\"article:modified_time\" content=\"2024-05-14T14:05:25+00:00\" \/>\n<meta property=\"og:image\" content=\"https:\/\/limburgswinkeltje.com\/wp-content\/uploads\/2020\/07\/DSC_0493.jpg\" \/>\n\t<meta property=\"og:image:width\" content=\"554\" \/>\n\t<meta property=\"og:image:height\" content=\"549\" \/>\n<meta name=\"twitter:card\" content=\"summary_large_image\" \/>\n<script type=\"application\/ld+json\" class=\"yoast-schema-graph\">{\"@context\":\"https:\/\/schema.org\",\"@graph\":[{\"@type\":\"WebSite\",\"@id\":\"https:\/\/limburgswinkeltje.com\/#website\",\"url\":\"https:\/\/limburgswinkeltje.com\/\",\"name\":\"&#039;t Limburgs Winkeltj\",\"description\":\"Souvenirs de Lourdes\",\"potentialAction\":[{\"@type\":\"SearchAction\",\"target\":{\"@type\":\"EntryPoint\",\"urlTemplate\":\"https:\/\/limburgswinkeltje.com\/?s={search_term_string}\"},\"query-input\":\"required name=search_term_string\"}],\"inLanguage\":\"fr-FR\"},{\"@type\":\"ImageObject\",\"@id\":\"https:\/\/limburgswinkeltje.com\/index.php\/produit\/pilulier-metal-argente-apparition\/#primaryimage\",\"inLanguage\":\"fr-FR\",\"url\":\"https:\/\/limburgswinkeltje.com\/wp-content\/uploads\/2020\/07\/DSC_0493.jpg\",\"contentUrl\":\"https:\/\/limburgswinkeltje.com\/wp-content\/uploads\/2020\/07\/DSC_0493.jpg\",\"width\":554,\"height\":549},{\"@type\":\"WebPage\",\"@id\":\"https:\/\/limburgswinkeltje.com\/index.php\/produit\/pilulier-metal-argente-apparition\/#webpage\",\"url\":\"https:\/\/limburgswinkeltje.com\/index.php\/produit\/pilulier-metal-argente-apparition\/\",\"name\":\"Pilulier m\\u00e9tal argent\\u00e9 + apparition - &#039;t Limburgs Winkeltj\",\"isPartOf\":{\"@id\":\"https:\/\/limburgswinkeltje.com\/#website\"},\"primaryImageOfPage\":{\"@id\":\"https:\/\/limburgswinkeltje.com\/index.php\/produit\/pilulier-metal-argente-apparition\/#primaryimage\"},\"datePublished\":\"2020-07-15T15:58:28+00:00\",\"dateModified\":\"2024-05-14T14:05:25+00:00\",\"breadcrumb\":{\"@id\":\"https:\/\/limburgswinkeltje.com\/index.php\/produit\/pilulier-metal-argente-apparition\/#breadcrumb\"},\"inLanguage\":\"fr-FR\",\"potentialAction\":[{\"@type\":\"ReadAction\",\"target\":[\"https:\/\/limburgswinkeltje.com\/index.php\/produit\/pilulier-metal-argente-apparition\/\"]}]},{\"@type\":\"BreadcrumbList\",\"@id\":\"https:\/\/limburgswinkeltje.com\/index.php\/produit\/pilulier-metal-argente-apparition\/#breadcrumb\",\"itemListElement\":[{\"@type\":\"ListItem\",\"position\":1,\"name\":\"Accueil\",\"item\":\"https:\/\/limburgswinkeltje.com\/\"},{\"@type\":\"ListItem\",\"position\":2,\"name\":\"\",\"item\":\"https:\/\/limburgswinkeltje.com\/index.php\/boutique\/\"},{\"@type\":\"ListItem\",\"position\":3,\"name\":\"Pilulier m\\u00e9tal argent\\u00e9 + apparition\"}]}]}<\/script>\n<!-- \/ Yoast SEO plugin. -->","yoast_head_json":{"title":"Pilulier m\u00e9tal argent\u00e9 + apparition - &#039;t Limburgs Winkeltj","robots":{"index":"index","follow":"follow","max-snippet":"max-snippet:-1","max-image-preview":"max-image-preview:large","max-video-preview":"max-video-preview:-1"},"canonical":"https:\/\/limburgswinkeltje.com\/index.php\/produit\/pilulier-metal-argente-apparition\/","og_locale":"fr_FR","og_type":"article","og_title":"Pilulier m\u00e9tal argent\u00e9 + apparition - &#039;t Limburgs Winkeltj","og_description":"Pilulier m\u00e9tal argent\u00e9 3 compartiments, apparition + basilique m\u00e9tal argent\u00e9e + inclusion bleue autour de Marie","og_url":"https:\/\/limburgswinkeltje.com\/index.php\/produit\/pilulier-metal-argente-apparition\/","og_site_name":"&#039;t Limburgs Winkeltj","article_modified_time":"2024-05-14T14:05:25+00:00","og_image":[{"width":554,"height":549,"url":"https:\/\/limburgswinkeltje.com\/wp-content\/uploads\/2020\/07\/DSC_0493.jpg","path":"\/home\/limburn\/www\/wp-content\/uploads\/2020\/07\/DSC_0493.jpg","size":"full","id":698,"alt":"","pixels":304146,"type":"image\/jpeg"}],"twitter_card":"summary_large_image","schema":{"@context":"https:\/\/schema.org","@graph":[{"@type":"WebSite","@id":"https:\/\/limburgswinkeltje.com\/#website","url":"https:\/\/limburgswinkeltje.com\/","name":"&#039;t Limburgs Winkeltj","description":"Souvenirs de Lourdes","potentialAction":[{"@type":"SearchAction","target":{"@type":"EntryPoint","urlTemplate":"https:\/\/limburgswinkeltje.com\/?s={search_term_string}"},"query-input":"required name=search_term_string"}],"inLanguage":"fr-FR"},{"@type":"ImageObject","@id":"https:\/\/limburgswinkeltje.com\/index.php\/produit\/pilulier-metal-argente-apparition\/#primaryimage","inLanguage":"fr-FR","url":"https:\/\/limburgswinkeltje.com\/wp-content\/uploads\/2020\/07\/DSC_0493.jpg","contentUrl":"https:\/\/limburgswinkeltje.com\/wp-content\/uploads\/2020\/07\/DSC_0493.jpg","width":554,"height":549},{"@type":"WebPage","@id":"https:\/\/limburgswinkeltje.com\/index.php\/produit\/pilulier-metal-argente-apparition\/#webpage","url":"https:\/\/limburgswinkeltje.com\/index.php\/produit\/pilulier-metal-argente-apparition\/","name":"Pilulier m\u00e9tal argent\u00e9 + apparition - &#039;t Limburgs Winkeltj","isPartOf":{"@id":"https:\/\/limburgswinkeltje.com\/#website"},"primaryImageOfPage":{"@id":"https:\/\/limburgswinkeltje.com\/index.php\/produit\/pilulier-metal-argente-apparition\/#primaryimage"},"datePublished":"2020-07-15T15:58:28+00:00","dateModified":"2024-05-14T14:05:25+00:00","breadcrumb":{"@id":"https:\/\/limburgswinkeltje.com\/index.php\/produit\/pilulier-metal-argente-apparition\/#breadcrumb"},"inLanguage":"fr-FR","potentialAction":[{"@type":"ReadAction","target":["https:\/\/limburgswinkeltje.com\/index.php\/produit\/pilulier-metal-argente-apparition\/"]}]},{"@type":"BreadcrumbList","@id":"https:\/\/limburgswinkeltje.com\/index.php\/produit\/pilulier-metal-argente-apparition\/#breadcrumb","itemListElement":[{"@type":"ListItem","position":1,"name":"Accueil","item":"https:\/\/limburgswinkeltje.com\/"},{"@type":"ListItem","position":2,"name":"","item":"https:\/\/limburgswinkeltje.com\/index.php\/boutique\/"},{"@type":"ListItem","position":3,"name":"Pilulier m\u00e9tal argent\u00e9 + apparition"}]}]}},"_links":{"self":[{"href":"https:\/\/limburgswinkeltje.com\/index.php\/wp-json\/wp\/v2\/product\/760"}],"collection":[{"href":"https:\/\/limburgswinkeltje.com\/index.php\/wp-json\/wp\/v2\/product"}],"about":[{"href":"https:\/\/limburgswinkeltje.com\/index.php\/wp-json\/wp\/v2\/types\/product"}],"replies":[{"embeddable":true,"href":"https:\/\/limburgswinkeltje.com\/index.php\/wp-json\/wp\/v2\/comments?post=760"}],"wp:featuredmedia":[{"embeddable":true,"href":"https:\/\/limburgswinkeltje.com\/index.php\/wp-json\/wp\/v2\/media\/698"}],"wp:attachment":[{"href":"https:\/\/limburgswinkeltje.com\/index.php\/wp-json\/wp\/v2\/media?parent=760"}],"curies":[{"name":"wp","href":"https:\/\/api.w.org\/{rel}","templated":true}]}}